termine f(254).
28
Let d(z) = -993937*z - 14909037. Determine d(-15).
18
Let k(j) = -23557*j - 70659. Determine k(-3).
12
Let b(p) = -2*p**3 + 22*p**2 + 198*p + 362. Determine b(-4).
50
Let z(i) = -2173*i - 63262. Give z(-29).
-245
Let m(t) = t**3 + 24*t**2 - 8*t - 1040. Determine m(-8).
48
Let m(u) = 100*u + 27945. Determine m(-280).
-55
Let h(p) = 43*p**3 - 47*p**2 + 56*p - 10. What is h(1)?
42
Let s(b) = b**3 + 319*b**2 - 918*b + 15454. Determine s(-322).
-2
Let w(m) = 2*m**3 - 748*m**2 + 683*m + 23334. Calculate w(373).
-165
Let a(r) = 12*r**2 + 3201*r - 819. What is a(-267)?
-18
Let a(h) = 219*h - 62941. Give a(279).
-1840
Let m(i) = 4822*i + 1728. Give m(0).
1728
Let f(p) = 3*p**3 + 135*p**2 + 291*p - 2134. Give f(-42).
1520
Let l(w) = 646*w - 2250. What is l(4)?
334
Let h(n) = 5*n**2 + 15196*n + 376779. Give h(-25).
4
Let g(u) = u**2 - 2012*u - 14047. Calculate g(-7).
86
Let k(r) = -r**2 - 859860*r + 10318462. Give k(12).
-2
Let a(f) = -8861*f - 44857. What is a(-5)?
-552
Let k(m) = -4*m**2 - 277*m - 792. What is k(-66)?
66
Let k(n) = n**3 - 143*n**2 - 749*n + 107368. What is k(143)?
261
Let i(t) = -5*t**2 - 3565*t - 115436. Determine i(-34).
-6
Let c(x) = -2*x**3 + 8*x**2 + 1079*x - 5342. Calculate c(5).
3
Let a(j) = -4*j**3 + 11758*j**2 - 46971*j + 8. Calculate a(4).
-4
Let l(m) = m**3 + 226*m**2 + 3167*m - 388. What is l(-211)?
-810
Let b(h) = -119*h + 3064. Determine b(15).
1279
Let u(k) = 167211*k - 1003089. Give u(6).
177
Let t(n) = 6*n**2 - 718*n + 1853. Give t(117).
-19
Let o(i) = -2*i**3 - 614*i**2 + 117041*i - 143. Calculate o(133).
-10
Let d(a) = -2*a**3 + 22*a**2 - 76*a - 115. Calculate d(10).
-675
Let t(y) = 1583*y - 34684. What is t(22)?
142
Let n(l) = -15*l**2 + 1962*l + 12735. Determine n(137).
-6
Let m(l) = 1893*l - 102152. Give m(54).
70
Let i(x) = -x**3 - 66*x**2 - 1049*x - 3559. Determine i(-44).
5
Let j(l) = -10*l**2 - 558*l - 406. What is j(-54)?
566
Let f(t) = 4837*t - 4909567. Determine f(1015).
-12
Let s(n) = -n**2 - 563*n + 16250. Calculate s(27).
320
Let v(u) = 2*u**2 + 222*u - 5858. Give v(-133).
-6
Let a(j) = -1045*j + 4343. What is a(3)?
1208
Let b(z) = 128*z - 11720. Give b(92).
56
Let q(k) = k**3 - 22*k**2 - 5731*k + 136360. What is q(24)?
-32
Let b(l) = -1003025*l - 1003031. Calculate b(-1).
-6
Let z(l) = -173533*l + 1041180. Calculate z(6).
-18
Let s(z) = -z**3 - 16*z**2 + 167*z + 2132. Determine s(12).
104
Let g(l) = 138*l**2 - 9685*l - 240. Determine g(71).
7783
Let y(f) = -20782*f - 11284626. Give y(-543).
0
Let u(c) = c**2 + 5921*c + 421205. Determine u(-72).
77
Let d(z) = 2135*z + 1854. Determine d(0).
1854
Let p(a) = -20*a**2 + 24192*a - 86815. What is p(1206)?
17
Let m(g) = -2*g**3 + 890*g**2 + 1786*g - 1. Determine m(-2).
3
Let u(t) = 14423*t - 28832. Calculate u(2).
14
Let l(j) = -j**3 - 133*j**2 - 500*j + 747. Give l(-129).
-1317
Let x(a) = 2*a**2 - 5496*a - 22020. Determine x(-4).
-4
Let n(h) = -856*h - 27756. What is n(-30)?
-2076
Let v(o) = o**3 + 32*o**2 - 27*o + 89. Determine v(-33).
-109
Let w(l) = 102*l - 1130. What is w(10)?
-110
Let q(d) = -4591*d + 367292. What is q(80)?
12
Let l(x) = -5*x**2 - 599*x + 46030. Give l(-173).
12
Let w(m) = m**2 + 93*m + 2017. Calculate w(-35).
-13
Let f(s) = -s**3 - 25*s**2 - 190*s - 4718. Determine f(-25).
32
Let z(x) = x**3 - 59*x**2 + 850*x - 803. Give z(36).
-11
Let k(u) = 1635*u + 295983. What is k(-181)?
48
Let d(y) = -47409*y + 521492. What is d(11)?
-7
Let v(z) = 21*z**3 - 117*z**2 - 324*z + 17. Calculate v(-3).
-631
Let z(k) = -2*k**3 - 12*k**2 - 8*k - 201. Determine z(0).
-201
Let j(a) = -a**3 + 138*a**2 - 4753*a - 553. Calculate j(69).
-1
Let h(q) = 5261*q + 158152. Give h(-30).
322
Let n(g) = g**2 - 4368*g - 2063128. Calculate n(-430).
12
Let m(c) = 254*c**3 - 1236*c**2 - 22*c - 21. Give m(5).
719
Let s(u) = -3*u**2 + 1512*u - 33192. Calculate s(23).
-3
Let b(x) = x**2 + 7549*x + 128071. What is b(-17)?
27
Let f(b) = b**2 - 1802*b - 79340. What is f(-43)?
-5
Let z(h) = 25*h**2 - 2196*h - 13137. What is z(-6)?
939
Let o(j) = -2165*j - 1346650. Determine o(-622).
-20
Let f(a) = -212*a - 377. What is f(-1)?
-165
Let c(t) = t**3 - 110*t**2 - 606*t + 3532. Give c(115).
-33
Let h(l) = 108356*l - 1408639. Determine h(13).
-11
Let h(d) = 3*d**2 - 383*d + 763. Calculate h(2).
9
Let z(k) = -185305*k - 13341945. Determine z(-72).
15
Let i(a) = -38*a**2 - 165*a + 1769. Calculate i(5).
-6
Let q(v) = 1154468*v - 1154475. Calculate q(1).
-7
Let p(f) = -47*f**2 + 348*f - 114. What is p(6)?
282
Let r(z) = -2*z**3 - 385*z**2 - 6269*z - 5126. Give r(-17).
8
Let x(b) = b**3 + 1083*b**2 - 596953*b + 25250. Determine x(-1485).
5
Let t(n) = -651*n + 29634. Calculate t(45).
339
Let z(g) = -216*g**2 - 2379*g - 16. Give z(-11).
17
Let a(g) = -20757*g - 6517707. Give a(-314).
-9
Let h(d) = -505*d + 13691. Give h(28).
-449
Let x(p) = 49*p + 1344. What is x(-38)?
-518
Let h(c) = c**3 + 25*c**2 + 40*c - 117. Give h(-7).
485
Let y(s) = -s**3 - 19*s**2 + 909*s + 74. Give y(-41).
-213
Let z(h) = 50444*h + 252218. Give z(-5).
-2
Let g(b) = 2*b**2 - 6377*b - 89684. Determine g(-14).
-14
Let d(q) = -20*q**2 + 366*q + 71. What is d(13)?
1449
Let i(n) = -5*n**3 + n**2 + 258*n - 1117. What is i(4)?
-389
Let o(n) = -25*n**3 + 8*n**2 + 27*n + 28. Determine o(-1).
34
Let t(q) = -3467*q - 2104459. Give t(-607).
10
Let q(x) = -x**2 - 4173*x + 340234. Calculate q(80).
-6
Let l(v) = v**2 - 74*v - 9761. Give l(144).
319
Let k(x) = -548*x - 238359. What is k(-435)?
21
Let b(d) = -11*d**3 - 617*d**2 - 73*d - 976. Determine b(-56).
-24
Let p(a) = -3364*a + 28469. Calculate p(9).
-1807
Let p(m) = -21*m**2 - 283*m + 741. Calculate p(-16).
-107
Let v(s) = -s**3 - 116*s**2 + 2025*s + 44. Calculate v(16).
-1348
Let j(m) = m**3 - 177*m**2 + 810*m - 80560. Calculate j(175).
-60
Let z(b) = -785*b**3 + b**2 - 79*b + 77. Determine z(1).
-786
Let j(r) = -9101*r - 381576. Calculate j(-42).
666
Let d(u) = 7*u**3 + 30*u**2 - 868*u - 8797. Give d(-10).
-4117
Let l(v) = -v**3 - 11*v**2 + 89*v + 752. Give l(-8).
-152
Let b(t) = -t**3 - 166*t**2 - 91*t - 14993. Determine b(-166).
113
Let b(i) = -3226*i - 38702. Give b(-12).
10
Let j(d) = 44*d**2 + 939*d - 75. Calculate j(-21).
-390
Let s(x) = -2*x**2 - 90*x - 1202. Calculate s(-21).
-194
Let m(c) = 2675*c - 342404. Determine m(128).
-4
Let i(w) = -12*w**2 + 1424*w + 499. Calculate i(119).
23
Let r(v) = -4647*v + 65065. Determine r(14).
7
Let r(n) = n**3 - 100*n**2 - 57*n - 3853. Give r(101).
591
Let u(l) = 179074*l - 2507035. What is u(14)?
1
Let a(p) = p**2 - 212*p + 3150. Calculate a(195).
-165
Let t(c) = -18468*c - 8. Determine t(0).
-8
Let q(t) = 409*t - 1497. Determine q(4).
139
Let y(g) = g**3 - 209*g**2 - 2333*g + 1052. What is y(-11)?
95
Let o(d) = 29*d**2 - 1785*d + 21597. Determine o(45).
-3
Let j(z) = -585*z**2 - 8771*z - 57. Determine j(-15).
-117
Let b(w) = 3247*w - 116953. Calculate b(36).
-61
Let g(c) = -c**3 + 1228*c + 115. Give g(-35).
10
Let r(p) = 4*p**3 - 13*p**2 + 512*p - 2052. What is r(4)?
44
Let k(u) = -13*u**3 - 261*u**2 + 48*u + 990. Calculate k(-20).
-370
Let k(g) = 13*g**2 - 865*g + 2087. Determine k(64).
-25
Let y(i) = -7*i**2 - 229*i + 1808. Determine y(8).
-472
Let y(t) = 37*t**2 + 1058*t + 2112. Give y(-2).
144
Let r(n) = n**3 + 229*n**2 + 127*n + 29061. Give r(-229).
-22
Let l(g) = 2976*g**2 - 169636*g + 229. Determine l(57).
1
Let j(m) = -42959*m - 41025843. Calculate j(-955).
2
Let q(p) = 1056274*p - 3168844. Determine q(3).
-22
Let p(y) = -51879*y + 207508. Give p(4).
-8
Let t(n) = 3*n**3 - 507*n**2 - 35*n + 597. Calculate t(169).
-5318
Let x(i) = 1978*i**2 - 6017*i + 199. Determine x(3).
-50
Let y(u) = 106*u - 6275. Determine y(30).
-3095
Let o(x) = -19*x**3 + 380*x**2 - 1259*x + 698. What is o(16)?
10
Let a(o) = 1743*o - 66346. Give a(38).
-112
Let m(p) = 2080*p - 4248. What is m(2)?
-88
Let y(f) = -f**3 + 134*f**2 + 1625*f - 4058. Calculate y(145).
292
Let x(r) = -108*r**2 + 8165*r - 4863. What is x(75)?
12
Let f(m) = 201*m - 149. Give f(8).
1459
Let v(r) = -3043*r + 48684. Determine v(16).
-4
Let h(t) = -4*t**3 - 2207*t**2 + 626*t + 40797. What is h(-552)?
-51
Let h(s) = -9*s**2 - 10068*s + 10071. Determine h(1).
-6
Let l(g) = -2*g**3 - 173*g**2 - 90*g - 701. Give l(-86).
-357
Let h(g) = 9*g**3 + 3*g**2 + 21*g + 3